{"id":2640,"date":"2021-04-08T15:37:04","date_gmt":"2021-04-08T20:37:04","guid":{"rendered":"http:\/\/transitobucaramanga.gov.co\/dtb\/?page_id=2640"},"modified":"2021-05-29T23:44:09","modified_gmt":"2021-05-30T04:44:09","slug":"revision-tecnico-mecanica","status":"publish","type":"page","link":"https:\/\/transitobucaramanga.gov.co\/dtb\/atencion-y-servicios-a-la-ciudadania\/revision-tecnico-mecanica","title":{"rendered":"Revisi\u00f3n T\u00e9cnico Mec\u00e1nica"},"content":{"rendered":"<p><div class=\"fusion-fullwidth fullwidth-box fusion-builder-row-1 fusion-flex-container nonhundred-percent-fullwidth non-hundred-percent-height-scrolling\" style=\"--awb-border-radius-top-left:0px;--awb-border-radius-top-right:0px;--awb-border-radius-bottom-right:0px;--awb-border-radius-bottom-left:0px;--awb-flex-wrap:wrap;\" ><div class=\"fusion-builder-row fusion-row fusion-flex-align-items-flex-start fusion-flex-content-wrap\" style=\"max-width:1248px;margin-left: calc(-4% \/ 2 );margin-right: calc(-4% \/ 2 );\"><div class=\"fusion-layout-column fusion_builder_column fusion-builder-column-0 fusion_builder_column_1_1 1_1 fusion-flex-column\" style=\"--awb-bg-size:cover;--awb-width-large:100%;--awb-margin-top-large:0px;--awb-spacing-right-large:1.92%;--awb-margin-bottom-large:20px;--awb-spacing-left-large:1.92%;--awb-width-medium:100%;--awb-order-medium:0;--awb-spacing-right-medium:1.92%;--awb-spacing-left-medium:1.92%;--awb-width-small:100%;--awb-order-small:0;--awb-spacing-right-small:1.92%;--awb-spacing-left-small:1.92%;\"><div class=\"fusion-column-wrapper fusion-column-has-shadow fusion-flex-justify-content-flex-start fusion-content-layout-column\"><nav class=\"fusion-breadcrumbs fusion-breadcrumbs-1\" style=\"--awb-breadcrumb-sep:&#039;\/&#039;;\" aria-label=\"Breadcrumb\"><ol class=\"awb-breadcrumb-list\"><li class=\"fusion-breadcrumb-item awb-breadcrumb-sep awb-home\" ><a href=\"https:\/\/transitobucaramanga.gov.co\/dtb\" class=\"fusion-breadcrumb-link\"><span >Home<\/span><\/a><\/li><\/ol><\/nav><\/div><\/div><\/div><\/div><div class=\"fusion-fullwidth fullwidth-box fusion-builder-row-2 fusion-flex-container nonhundred-percent-fullwidth non-hundred-percent-height-scrolling\" style=\"--awb-border-radius-top-left:0px;--awb-border-radius-top-right:0px;--awb-border-radius-bottom-right:0px;--awb-border-radius-bottom-left:0px;--awb-flex-wrap:wrap;\" ><div class=\"fusion-builder-row fusion-row fusion-flex-align-items-flex-start fusion-flex-content-wrap\" style=\"max-width:1248px;margin-left: calc(-4% \/ 2 );margin-right: calc(-4% \/ 2 );\"><div class=\"fusion-layout-column fusion_builder_column fusion-builder-column-1 fusion_builder_column_1_1 1_1 fusion-flex-column\" style=\"--awb-bg-size:cover;--awb-width-large:100%;--awb-margin-top-large:0px;--awb-spacing-right-large:1.92%;--awb-margin-bottom-large:20px;--awb-spacing-left-large:1.92%;--awb-width-medium:100%;--awb-order-medium:0;--awb-spacing-right-medium:1.92%;--awb-spacing-left-medium:1.92%;--awb-width-small:100%;--awb-order-small:0;--awb-spacing-right-small:1.92%;--awb-spacing-left-small:1.92%;\"><div class=\"fusion-column-wrapper fusion-column-has-shadow fusion-flex-justify-content-flex-start fusion-content-layout-column\"><div class=\"fusion-title title fusion-title-1 fusion-title-center fusion-title-text fusion-title-size-one\"><div class=\"title-sep-container title-sep-container-left\"><div class=\"title-sep sep- sep-solid\" style=\"border-color:#e0dede;\"><\/div><\/div><span class=\"awb-title-spacer\"><\/span><h1 class=\"fusion-title-heading title-heading-center\" style=\"margin:0;\"><span style=\"color: #32ba3d;\">CDA<\/span> &#8211; Centro de Diagn\u00f3stico Automotor<\/h1><span class=\"awb-title-spacer\"><\/span><div class=\"title-sep-container title-sep-container-right\"><div class=\"title-sep sep- sep-solid\" style=\"border-color:#e0dede;\"><\/div><\/div><\/div><\/div><\/div><div class=\"fusion-layout-column fusion_builder_column fusion-builder-column-2 fusion_builder_column_1_2 1_2 fusion-flex-column\" style=\"--awb-bg-size:cover;--awb-width-large:50%;--awb-margin-top-large:0px;--awb-spacing-right-large:3.84%;--awb-margin-bottom-large:20px;--awb-spacing-left-large:3.84%;--awb-width-medium:100%;--awb-order-medium:0;--awb-spacing-right-medium:1.92%;--awb-spacing-left-medium:1.92%;--awb-width-small:100%;--awb-order-small:0;--awb-spacing-right-small:1.92%;--awb-spacing-left-small:1.92%;\"><div class=\"fusion-column-wrapper fusion-column-has-shadow fusion-flex-justify-content-flex-start fusion-content-layout-column\"><div class=\"fusion-title title fusion-title-2 fusion-title-center fusion-title-text fusion-title-size-two\"><div class=\"title-sep-container title-sep-container-left\"><div class=\"title-sep sep- sep-solid\" style=\"border-color:#e0dede;\"><\/div><\/div><span class=\"awb-title-spacer\"><\/span><h2 class=\"fusion-title-heading title-heading-center\" style=\"margin:0;\">Misi\u00f3n<\/h2><span class=\"awb-title-spacer\"><\/span><div class=\"title-sep-container title-sep-container-right\"><div class=\"title-sep sep- sep-solid\" style=\"border-color:#e0dede;\"><\/div><\/div><\/div><div class=\"fusion-text fusion-text-1\"><div style=\"text-align: justify;\">El CDA es una dependencia del nivel asesor adscrita a la Direcci\u00f3n General, encargada de expedir el certificado de la revisi\u00f3n t\u00e9cnico-mec\u00e1nica y de gases a los veh\u00edculos automotores livianos, pesados y motocicletas, con talento humano calificado y equipos de alta tecnolog\u00eda garantizando la calidad y oportunidad del servicio.<\/div>\n<\/div><\/div><\/div><div class=\"fusion-layout-column fusion_builder_column fusion-builder-column-3 fusion_builder_column_1_2 1_2 fusion-flex-column\" style=\"--awb-bg-size:cover;--awb-width-large:50%;--awb-margin-top-large:0px;--awb-spacing-right-large:3.84%;--awb-margin-bottom-large:20px;--awb-spacing-left-large:3.84%;--awb-width-medium:100%;--awb-order-medium:0;--awb-spacing-right-medium:1.92%;--awb-spacing-left-medium:1.92%;--awb-width-small:100%;--awb-order-small:0;--awb-spacing-right-small:1.92%;--awb-spacing-left-small:1.92%;\"><div class=\"fusion-column-wrapper fusion-column-has-shadow fusion-flex-justify-content-flex-start fusion-content-layout-column\"><div class=\"fusion-title title fusion-title-3 fusion-title-center fusion-title-text fusion-title-size-two\"><div class=\"title-sep-container title-sep-container-left\"><div class=\"title-sep sep- sep-solid\" style=\"border-color:#e0dede;\"><\/div><\/div><span class=\"awb-title-spacer\"><\/span><h2 class=\"fusion-title-heading title-heading-center\" style=\"margin:0;\">Visi\u00f3n<\/h2><span class=\"awb-title-spacer\"><\/span><div class=\"title-sep-container title-sep-container-right\"><div class=\"title-sep sep- sep-solid\" style=\"border-color:#e0dede;\"><\/div><\/div><\/div><div class=\"fusion-text fusion-text-2\"><div style=\"text-align: justify;\">Ser un CDA l\u00edder a nivel regional en la prestaci\u00f3n del servicio de revisi\u00f3n t\u00e9cnico\u2013mec\u00e1nica y de gases a los veh\u00edculos automotores livianos, pesados y motocicletas, con altos niveles de calidad, productividad y rentabilidad. Con sentido de responsabilidad social en el campo de la seguridad vial, el respeto y preservaci\u00f3n del medio ambiente.<\/div>\n<\/div><\/div><\/div><div class=\"fusion-layout-column fusion_builder_column fusion-builder-column-4 fusion_builder_column_1_1 1_1 fusion-flex-column\" style=\"--awb-bg-size:cover;--awb-width-large:100%;--awb-margin-top-large:0px;--awb-spacing-right-large:1.92%;--awb-margin-bottom-large:20px;--awb-spacing-left-large:1.92%;--awb-width-medium:100%;--awb-order-medium:0;--awb-spacing-right-medium:1.92%;--awb-spacing-left-medium:1.92%;--awb-width-small:100%;--awb-order-small:0;--awb-spacing-right-small:1.92%;--awb-spacing-left-small:1.92%;\"><div class=\"fusion-column-wrapper fusion-column-has-shadow fusion-flex-justify-content-flex-start fusion-content-layout-column\"><div class=\"fusion-title title fusion-title-4 fusion-title-center fusion-title-text fusion-title-size-two\"><div class=\"title-sep-container title-sep-container-left\"><div class=\"title-sep sep- sep-solid\" style=\"border-color:#e0dede;\"><\/div><\/div><span class=\"awb-title-spacer\"><\/span><h2 class=\"fusion-title-heading title-heading-center\" style=\"margin:0;\">Objetivo General<\/h2><span class=\"awb-title-spacer\"><\/span><div class=\"title-sep-container title-sep-container-right\"><div class=\"title-sep sep- sep-solid\" style=\"border-color:#e0dede;\"><\/div><\/div><\/div><div class=\"fusion-text fusion-text-3\"><div style=\"text-align: justify;\">\n<p>Contribuir a la disminuci\u00f3n de la accidentalidad vial, mediante el diagn\u00f3stico y el estado general de los veh\u00edculos, para generar una cultura de seguridad vial que satisfaga las necesidades de nuestros clientes internos y externos y la comunidad en general, a trav\u00e9s del cumplimiento de las normas ambientales de tr\u00e1nsito y transporte, garantiz\u00e1ndose as\u00ed la eficiencia y eficacia del servicio.La creaci\u00f3n de la conciencia ciudadana, de la importancia que tiene su actitud frente al mantenimiento y conducci\u00f3n de sus veh\u00edculos, en la calidad de vida de las comunidades urbanas, generando un comportamiento positivo de los conductores dentro del sistema vial sin considerar la revisi\u00f3n t\u00e9cnico-mec\u00e1nica y de gases como un tr\u00e1mite m\u00e1s sino como una garant\u00eda de seguridad.<\/p>\n<\/div>\n<\/div><\/div><\/div><div class=\"fusion-layout-column fusion_builder_column fusion-builder-column-5 fusion_builder_column_1_1 1_1 fusion-flex-column\" style=\"--awb-bg-size:cover;--awb-width-large:100%;--awb-margin-top-large:0px;--awb-spacing-right-large:1.92%;--awb-margin-bottom-large:20px;--awb-spacing-left-large:1.92%;--awb-width-medium:100%;--awb-order-medium:0;--awb-spacing-right-medium:1.92%;--awb-spacing-left-medium:1.92%;--awb-width-small:100%;--awb-order-small:0;--awb-spacing-right-small:1.92%;--awb-spacing-left-small:1.92%;\"><div class=\"fusion-column-wrapper fusion-column-has-shadow fusion-flex-justify-content-flex-start fusion-content-layout-column\"><div class=\"fusion-title title fusion-title-5 fusion-title-center fusion-title-text fusion-title-size-two\"><div class=\"title-sep-container title-sep-container-left\"><div class=\"title-sep sep- sep-solid\" style=\"border-color:#e0dede;\"><\/div><\/div><span class=\"awb-title-spacer\"><\/span><h2 class=\"fusion-title-heading title-heading-center\" style=\"margin:0;\">Servicios<\/h2><span class=\"awb-title-spacer\"><\/span><div class=\"title-sep-container title-sep-container-right\"><div class=\"title-sep sep- sep-solid\" style=\"border-color:#e0dede;\"><\/div><\/div><\/div><div class=\"fusion-text fusion-text-4\"><div style=\"text-align: justify;\">\n<p>El centro de diagn\u00f3stico automotor de la direcci\u00f3n de tr\u00e1nsito de Bucaramanga, presta los siguientes servicios:<\/p>\n<p>REVISI\u00d3N PREVENTIVA A VEH\u00cdCULOS AUTOMOTORES.<br \/>\nREVISI\u00d3N T\u00c9CNICO MEC\u00c1NICA Y DE EMISIONES CONTAMINANTES A VEH\u00cdCULOS AUTOMOTORES LIVIANOS, PESADOS Y MOTOCICLETAS.<\/p>\n<ul>\n<li>Estos son otros de los servicios y garant\u00edas que presta el Centro de Diagn\u00f3stico Automotor:<\/li>\n<li>Diagn\u00f3stico profesional de las condiciones de seguridad y operabilidad de un veh\u00edculo automotor.<\/li>\n<li>En nuestras pistas de revisi\u00f3n atendemos todo tipo de veh\u00edculos automotores, sin importar si son pesados, livianos o motocicletas.<\/li>\n<li>Contamos con equipos de alta tecnolog\u00eda, basadas en los requerimientos y especificaciones t\u00e9cnicas de los fabricantes.<\/li>\n<li>El talento humano calificado que opera en el Centro de Diagn\u00f3stico Automotor de la Direcci\u00f3n de Transito de Bucaramanga, est\u00e1 comprometido con la ciudadan\u00eda en la creaci\u00f3n y conservaci\u00f3n de una cultura en seguridad vial y de protecci\u00f3n del medio ambiente.<\/li>\n<li>Prestaci\u00f3n de servicios que facilitan la verificaci\u00f3n del cumplimiento de las normas ambientales, de tr\u00e1nsito y la satisfacci\u00f3n de las necesidades de nuestros clientes, garantizando servicios \u00e1giles, veraces y oportunos con altos niveles de eficacia, eficiencia y una innovaci\u00f3n tecnol\u00f3gica permanente.<\/li>\n<li>El Centro de Diagn\u00f3stico Automotor, es una dependencia cuyos procesos est\u00e1n orientados al cliente y a su satisfacci\u00f3n total.<\/li>\n<li>Con horarios de atenci\u00f3n de 7:00 a.m. a 12:00 m. y de 02:00 p.m. a 05:00 p.m. en jornada continua, de lunes a viernes y el s\u00e1bado de 8:00 a.m. a 12:00 m.<\/li>\n<li>Estamos ubicados dentro de las instalaciones de la Direcci\u00f3n de Transito de Bucaramanga, en el kil\u00f3metro 4 v\u00eda a Gir\u00f3n.<\/li>\n<\/ul>\n<\/div>\n<\/div><\/div><\/div><div class=\"fusion-layout-column fusion_builder_column fusion-builder-column-6 fusion_builder_column_1_1 1_1 fusion-flex-column\" style=\"--awb-bg-size:cover;--awb-width-large:100%;--awb-margin-top-large:0px;--awb-spacing-right-large:1.92%;--awb-margin-bottom-large:20px;--awb-spacing-left-large:1.92%;--awb-width-medium:100%;--awb-order-medium:0;--awb-spacing-right-medium:1.92%;--awb-spacing-left-medium:1.92%;--awb-width-small:100%;--awb-order-small:0;--awb-spacing-right-small:1.92%;--awb-spacing-left-small:1.92%;\"><div class=\"fusion-column-wrapper fusion-column-has-shadow fusion-flex-justify-content-flex-start fusion-content-layout-column\"><div class=\"fusion-title title fusion-title-6 fusion-title-center fusion-title-text fusion-title-size-two\"><div class=\"title-sep-container title-sep-container-left\"><div class=\"title-sep sep- sep-solid\" style=\"border-color:#e0dede;\"><\/div><\/div><span class=\"awb-title-spacer\"><\/span><h2 class=\"fusion-title-heading title-heading-center\" style=\"margin:0;\">Requisitos Para la Revisi\u00f3n<\/h2><span class=\"awb-title-spacer\"><\/span><div class=\"title-sep-container title-sep-container-right\"><div class=\"title-sep sep- sep-solid\" style=\"border-color:#e0dede;\"><\/div><\/div><\/div><div class=\"fusion-text fusion-text-5\"><ul>\n<li>Tarjeta de Propiedad.<\/li>\n<li>Seguro Obligatorio Vigente (SOAT)<\/li>\n<li>Licencia de Conducci\u00f3n<\/li>\n<li>Cancelaci\u00f3n del Servicio<\/li>\n<\/ul>\n<\/div><\/div><\/div><div class=\"fusion-layout-column fusion_builder_column fusion-builder-column-7 fusion_builder_column_1_1 1_1 fusion-flex-column\" style=\"--awb-bg-size:cover;--awb-width-large:100%;--awb-margin-top-large:0px;--awb-spacing-right-large:1.92%;--awb-margin-bottom-large:20px;--awb-spacing-left-large:1.92%;--awb-width-medium:100%;--awb-order-medium:0;--awb-spacing-right-medium:1.92%;--awb-spacing-left-medium:1.92%;--awb-width-small:100%;--awb-order-small:0;--awb-spacing-right-small:1.92%;--awb-spacing-left-small:1.92%;\"><div class=\"fusion-column-wrapper fusion-column-has-shadow fusion-flex-justify-content-flex-start fusion-content-layout-column\"><div class=\"fusion-title title fusion-title-7 fusion-title-center fusion-title-text fusion-title-size-two\"><div class=\"title-sep-container title-sep-container-left\"><div class=\"title-sep sep- sep-solid\" style=\"border-color:#e0dede;\"><\/div><\/div><span class=\"awb-title-spacer\"><\/span><h2 class=\"fusion-title-heading title-heading-center\" style=\"margin:0;\">Recomendaciones Antes de la Revisi\u00f3n<\/h2><span class=\"awb-title-spacer\"><\/span><div class=\"title-sep-container title-sep-container-right\"><div class=\"title-sep sep- sep-solid\" style=\"border-color:#e0dede;\"><\/div><\/div><\/div><div class=\"fusion-text fusion-text-6\"><div style=\"text-align: justify;\">\n<ul>\n<li>H\u00e1gale mantenimiento general a su carro en su taller de confianza, antes de acudir al CDA.<\/li>\n<li>Saque la mugre del ba\u00fal; cargue tan solo equipo de carretera, herramienta, el extintor recargado. cruceta y llanta de repuesto.<\/li>\n<li>No olvide la tarjeta de propiedad y el SOAT vigente.<\/li>\n<li>Verifique que los cinturones de seguridad funcionen perfectamente.<\/li>\n<li>Los asientos deben estar bien anclados y los vidrios funcionando sin problema.<\/li>\n<li>Los vidrios no deben estar rayados, picados o con fisuras.<\/li>\n<li>Los sistemas de seguridad no admiten \u2018peros\u2019: rectifique frenos, embrague, sistema el\u00e9ctrico, suspensi\u00f3n, luces, alineaci\u00f3n, etc.<\/li>\n<li>Si a sus llantas \u2018se les ve el aire\u2019, c\u00e1mbielas antes de ir al CDA, no deben tener golpes ni cortaduras.<\/li>\n<li>Las ruedas no deben llevar copas<\/li>\n<\/ul>\n<p>Es necesario recordar que todos los veh\u00edculos automotores, deben someterse a la Revisi\u00f3n T\u00e9cnico Mec\u00e1nica y de Emisiones contaminantes. Los veh\u00edculos nuevos de SERVICIO PARTICULAR diferentes de motocicletas y similares, se someter\u00e1n a la primera Revisi\u00f3n T\u00e9cnico Mec\u00e1nica y de Emisiones Contaminantes a partir del sexto (6) a\u00f1o contado a partir de la fecha de expedici\u00f3n de su matricula; cumplido el cual su revisi\u00f3n es anualizada. Los veh\u00edculos nuevos de SERVICIO P\u00daBLICO, as\u00ed como MOTOCICLETAS y similares, se someter\u00e1n a la primera Revisi\u00f3n T\u00e9cnico Mec\u00e1nica y de Emisiones Contaminantes al cumplir dos (2) a\u00f1os contados a partir de su fecha de matr\u00edcula, cumplido el cual su revisi\u00f3n es anualizada.<\/p>\n<\/div>\n<\/div><\/div><\/div><div class=\"fusion-layout-column fusion_builder_column fusion-builder-column-8 fusion_builder_column_1_1 1_1 fusion-flex-column\" style=\"--awb-bg-size:cover;--awb-width-large:100%;--awb-margin-top-large:0px;--awb-spacing-right-large:1.92%;--awb-margin-bottom-large:20px;--awb-spacing-left-large:1.92%;--awb-width-medium:100%;--awb-order-medium:0;--awb-spacing-right-medium:1.92%;--awb-spacing-left-medium:1.92%;--awb-width-small:100%;--awb-order-small:0;--awb-spacing-right-small:1.92%;--awb-spacing-left-small:1.92%;\"><div class=\"fusion-column-wrapper fusion-column-has-shadow fusion-flex-justify-content-flex-start fusion-content-layout-column\"><div class=\"fusion-title title fusion-title-8 fusion-title-text fusion-title-size-two\"><div class=\"title-sep-container title-sep-container-left fusion-no-large-visibility fusion-no-medium-visibility fusion-no-small-visibility\"><div class=\"title-sep sep- sep-solid\" style=\"border-color:#e0dede;\"><\/div><\/div><span class=\"awb-title-spacer fusion-no-large-visibility fusion-no-medium-visibility fusion-no-small-visibility\"><\/span><h2 class=\"fusion-title-heading title-heading-left\" style=\"margin:0;\">Contacto<\/h2><span class=\"awb-title-spacer\"><\/span><div class=\"title-sep-container title-sep-container-right\"><div class=\"title-sep sep- sep-solid\" style=\"border-color:#e0dede;\"><\/div><\/div><\/div><div class=\"fusion-text fusion-text-7\"><h3>Direcci\u00f3n:<\/h3>\n<p>Kil\u00f3metro 4 V\u00eda Gir\u00f3n &#8211; Bucaramanga, Santander &#8211; Colombia.<\/p>\n<h3>Horario de Atenci\u00f3n:<\/h3>\n<p>Lunes a Viernes:\u00a007:00am a 05:00pm<\/p>\n<p>S\u00e1bado: 08:00am a 12:00pm<\/p>\n<h3>Tel\u00e9fonos CDA<\/h3>\n<p>(057) 6809642 &#8211; (057) 6809643<\/p>\n<h3>Email:<\/h3>\n<p>diagnostico@transitobucaramanga.gov.co<\/p>\n<\/div><\/div><\/div><\/div><\/div><\/p>\n","protected":false},"excerpt":{"rendered":"","protected":false},"author":1,"featured_media":0,"parent":2317,"menu_order":0,"comment_status":"closed","ping_status":"closed","template":"","meta":{"footnotes":""},"class_list":["post-2640","page","type-page","status-publish","hentry"],"jetpack_sharing_enabled":true,"_links":{"self":[{"href":"https:\/\/transitobucaramanga.gov.co\/dtb\/wp-json\/wp\/v2\/pages\/2640","targetHints":{"allow":["GET"]}}],"collection":[{"href":"https:\/\/transitobucaramanga.gov.co\/dtb\/wp-json\/wp\/v2\/pages"}],"about":[{"href":"https:\/\/transitobucaramanga.gov.co\/dtb\/wp-json\/wp\/v2\/types\/page"}],"author":[{"embeddable":true,"href":"https:\/\/transitobucaramanga.gov.co\/dtb\/wp-json\/wp\/v2\/users\/1"}],"replies":[{"embeddable":true,"href":"https:\/\/transitobucaramanga.gov.co\/dtb\/wp-json\/wp\/v2\/comments?post=2640"}],"version-history":[{"count":8,"href":"https:\/\/transitobucaramanga.gov.co\/dtb\/wp-json\/wp\/v2\/pages\/2640\/revisions"}],"predecessor-version":[{"id":2744,"href":"https:\/\/transitobucaramanga.gov.co\/dtb\/wp-json\/wp\/v2\/pages\/2640\/revisions\/2744"}],"up":[{"embeddable":true,"href":"https:\/\/transitobucaramanga.gov.co\/dtb\/wp-json\/wp\/v2\/pages\/2317"}],"wp:attachment":[{"href":"https:\/\/transitobucaramanga.gov.co\/dtb\/wp-json\/wp\/v2\/media?parent=2640"}],"curies":[{"name":"wp","href":"https:\/\/api.w.org\/{rel}","templated":true}]}}